. Give w(i).
34
Let l be (3/((-63)/14))/(2/(-15)). Let k be ((-120)/(-9))/l*(-24)/(-16). Let d(u) = u**2 - 2*u + 5. What is d(k)?
13
Let v = 167 - 129. Suppose -2*h - 2 = 0, -2*h + 16 = v*b - 35*b. Let y(c) = -9*c + 12 - c**2 - 4 + 2*c**2. Calculate y(b).
-10
Let q(d) = -d**3 - 2*d**2 - 2*d + 1. Let z(f) = -2*f**3 - 29*f**2 - 7*f + 23. Let m(u) = 3*q(u) - z(u). Calculate m(23).
3
Let a be 52/39*(-39)/(-2) + -3. Suppose a = -3*p + 6*p - c, -2*c = -2*p + 14. Let k(z) = -6*z + 3*z**2 - 1 + 2*z + p*z + 4. Give k(-2).
7
Let b(s) = -s**2 + 5*s + 8. Let o be b(7). Let a be 30/14 + (2/(-7))/2. Let y(n) = -a + 14 - 2 - 6 + n. Calculate y(o).
-2
Let v(j) = 596*j + 60. Let x(i) = 56*i + 6. Let n(u) = -2*v(u) + 21*x(u). Determine n(-5).
86
Let g(r) = r**3 - 5*r**2 - 3*r - 2. Let w(z) be the second derivative of 3*z**2 + 9*z + 0 - 1/12*z**4 + 5/6*z**3. Let u be w(0). Determine g(u).
16
Let x(n) = n**2 - 4*n - 6. Let p = -20 + 26. Let b be x(p). Let v(q) be the third derivative of -q**4/12 + q**3/2 + 276*q**2. Determine v(b).
-9
Let j(u) = u**2 - 4*u - 6. Suppose 4*a - r = 15, 4*a - 7*r + 5*r = 14. Calculate j(a).
-6
Let p(a) be the third derivative of a**6/120 + a**5/10 + a**4/4 + 21*a**2 - a + 12. Determine p(-3).
9
Let m(c) = 2*c**2 + 5*c - 3. Let i be (-2 + 6)*-1 - 3. Let j(b) = -3*b**2 - 7*b + 4. Let t(s) = i*m(s) - 5*j(s). Calculate t(1).
2
Let k be 4/14 - ((-117)/7 - -8). Let a(r) = 6*r - 66. Let i be a(k). Let l(s) = s**3 + 12*s**2 - 4. Calculate l(i).
-4
Let u(x) = 493 - x**2 - 486 + 10*x + 2*x**2. What is u(-10)?
7
Let a(g) = -g**3 - 5*g**2 - g + 4. Suppose -10*p + 8*p - 10*p = 0. Let s be p + -2 + (-5 - (-4 - -1)). Give a(s).
-8
Suppose 0 = -0*d + d - 3. Let i be d/7 + 321/(-42)*-4. Suppose -5*t - 5*c + 27 = -c, 3*t - i = 5*c. Let j(b) = -b**2 + 4*b + 5. Give j(t).
-16
Let b = 562 + -567. Let y(d) = -d**3 - 7*d**2 - 7*d + 7. Let n be y(b). Let f(h) = h - 1. Calculate f(n).
-9
Let x(t) be the second derivative of -t**4/12 + t**3 - 5*t**2/2 + t. Suppose 13*f - 293 + 64 = -151. Calculate x(f).
-5
Suppose -18*v + 98 = 26. Let i(x) = -26*x**2 - 3*x + 1 + 25*x**2 + 4*x. Give i(v).
-11
Suppose 4*a = -a + 35. Let h(w) = -a*w**2 + 14*w + 8*w**2 + 4 - 2*w**2 - 5*w. Determine h(10).
-6
Let h be (4/10)/(2/60). Let v(m) = 137*m**3 + 16*m**3 + 11*m - 152*m**3 + 15 - 13*m**2. What is v(h)?
3
Let m(r) = r - 4. Let k be ((-3)/4)/(-4 + (-189)/(-48)). Suppose 6*p = 4*s + p + 12, k = -4*s + 2*p. Give m(s).
-7
Suppose 0 = 5*g + 2*f + 190 - 246, g - f = 0. Let j(d) = d**2 + 6*d - 140. Calculate j(g).
-28
Let t(m) = -29*m**3 + m**2 + m - 10. Let a(u) = -6*u**3 + u. Let z(y) = 5*a(y) - t(y). What is z(0)?
10
Suppose 12*u - 117 = 651. Let j(v) = -u*v + 7 + 7*v**2 + 64*v + v**3 + 0*v**2. What is j(-7)?
7
Suppose -30 = z - 14*s + 19*s, 16 = -z - 3*s. Let m(c) = -13*c - 7. Determine m(z).
-72
Suppose -17*y + 252 = -5*y. Suppose -y = -9*p + 15. Let w(r) be the second derivative of r**5/20 - r**4/4 - r**3/3 - r**2 - 9*r. What is w(p)?
6
Suppose 4 = 7*v + 18. Let m be 1 + 1 - (v - 0). Let p(z) be the third derivative of z**5/60 - z**4/6 + z**3/2 - 8*z**2. What is p(m)?
3
Let w be ((6/(-8))/(-3))/((-50)/800). Let c(u) = -3*u**2 + 10*u - 8. Let m(z) = z**2 - 5*z + 4. Let h = -4 - -7. Let i(v) = h*c(v) + 7*m(v). Determine i(w).
-8
Let j(a) be the third derivative of -a**4/24 - 2*a**3/3 + a**2. Suppose 2*n - 34 = -2*q, -5*n - 2*q + 85 = -6*q. Suppose 0 = 6*z - n*z - 77. What is j(z)?
3
Let x(t) = 2*t**2 - 4*t**2 - 17*t - 6 - 5*t. Suppose 0*r + 0*r + 902 = -82*r. Give x(r).
-6
Let u be 6/((-745)/149 - (-4 - -1)). Let m(x) = x**2 + 6*x - 12. Give m(u).
-21
Let n be 1/(-2)*(8 - 0). Let t(y) be the third derivative of y**4/3 + y**3 + 450*y**2 - 16. Determine t(n).
-26
Suppose 3*t = 4*v - 19, -3*v + 3*t + 35 = 20. Let m(k) be the third derivative of -k**4/8 + 2*k**3/3 + k**2. Determine m(v).
-8
Let i(t) = 37*t**3 - 31*t**2 + 2*t. Let x(w) = 75*w**3 - 72*w**2 + 5*w. Let y(f) = 7*i(f) - 3*x(f). Calculate y(-1).
-34
Let s(z) = -6*z - 16. Let n(i) be the second derivative of 4*i**3/3 + 12*i**2 - 102*i. Let w(m) = 5*n(m) + 7*s(m). Give w(9).
-10
Let x(i) = 6*i + 82. Suppose -14*u = 4*r - 11*u + 42, r - 4*u + 39 = 0. Calculate x(r).
-8
Let o(b) = -b + 10. Let q be 10/6 + 0 + 27322/(-2157). What is o(q)?
21
Let h(d) = 1166 - 391 + 22*d - 386 - 390. Give h(-3).
-67
Let y(h) = h - 8. Let i(r) = -r - 14. Let d(g) = g**2 + 3*g - 8. Let v be d(0). Let x be i(v). What is y(x)?
-14
Let k(c) = 7*c - 17. Let h = 9730 + -9724. Give k(h).
25
Let t(m) = -m**2 + 3*m. Suppose -5*r + 47 = -6 + 28. What is t(r)?
-10
Let d(x) = -x**3 - 7*x**2 + 5*x - 20. Suppose 5*c + 8 = -h, h + 26*c - 29*c + 8 = 0. Calculate d(h).
4
Suppose 688 = -311*n + 60*n - 316. Let m(h) be the first derivative of -2*h**3/3 - 3*h**2 - 3*h - 1. Determine m(n).
-11
Let w(a) = 4*a - 2. Suppose -4*o + 5*j = 16, 3*j + j = o + 15. Let k be w(o). Let x(p) = 5*p + 3 + p**2 - k - 16*p + 2*p. Determine x(8).
-7
Let l be -4 - (3 + -1 + 0). Let w(z) = -5*z**3 + 5*z**2 - 143*z + 31. Let g(n) = 24*n**3 - 25*n**2 + 692*n - 151. Let c(p) = 6*g(p) + 29*w(p). Give c(l).
-1
Let p(c) = -3*c + 10*c + 3*c + 0*c + 72. Let m be p(-7). Let f(z) = -28 + 9 - 15*z**m + 18 - z. Calculate f(-1).
-15
Let a(d) = d**3 + 5*d**2 - 5. Let w(m) = -4*m**2 + 24*m + 60. Let x be w(-2). What is a(x)?
11
Let a(h) = h**2 - 9*h + 11. Let s(q) be the second derivative of q**4/12 - 4*q**3/3 + 5*q**2 + 3*q + 27. Let j(d) = -3*a(d) + 2*s(d). Determine j(10).
-3
Suppose -o + 5*f = 2, -32*o = -30*o + 4*f + 18. Let u(t) = -43 - t**2 + t + 34 - 6*t. Calculate u(o).
-23
Let l be 2/(-33) + 28*133/462. Let x(n) = n**3 - 7*n**2 + 4*n - 12. Calculate x(l).
84
Let j(g) be the third derivative of -g**5/60 - 3*g**4/8 - 23*g**3/6 + 1312*g**2. Give j(-8).
-15
Let l(x) = x**3 + 2*x**2 + x - 2. Let a(s) = -s**3 + 16*s**2 + 44*s - 116. Let o be a(18). Suppose -5*g - 28 - 122 = 0. Let v = o + g. Determine l(v).
-4
Let q = 933 - 931. Let h(l) = -3*l**2 + 5 - 6 - 5*l**q + 7*l**2. Suppose 2*b + 14 = 3*x, 0 = 3*x - 3*b - 22 + 4. Determine h(x).
-5
Suppose -3787 + 3789 = 2*y - 3*v, -y + 7 = -3*v. Let t(d) be the first derivative of -3*d**2/2 - 6*d - 2. Calculate t(y).
9
Let x(v) be the second derivative of -v**4/24 + v**3/3 - 24*v**2 + 7*v + 1. Let o(f) be the first derivative of x(f). What is o(0)?
2
Let q = -329 + 332. Suppose -4 = p + 2*g - q*g, -2*p = -5*g + 14. Let x(z) = -4*z + 4. Give x(p).
12
Suppose r = -2*n - 13, 2*n - 35 = 4*r + 17. Let x(z) = 18 + 24 - 80 + 4*z - z + 27 - 4*z. What is x(r)?
2
Let u(s) = s**2 - 11*s - 123. Let g(c) = -2*c**2 + 20*c + 243. Let y(n) = -4*g(n) - 7*u(n). Calculate y(12).
-3
Let y(r) = -9 - 60*r**2 + 15*r**2 + 5*r + 17*r**2 + 11*r**2 + 16*r**2. Suppose 2 = -5*f + 37. Calculate y(f).
-23
Suppose 10*p - 15 = 7*p. Let u(i) = 1 + 0 - 3 + 9*i - 6*i - 2. Give u(p).
11
Let p(g) = -91*g - 1818. Let j be p(-20). Suppose -2*d + d + 2 = 0. Let t(x) = 12 + 15*x - j*x - 3*x + x**d. Give t(-8).
-4
Let q = -676 + 670. Let w(g) be the second derivative of g**5/120 + 5*g**4/12 - 2*g**3 + 6*g. Let i(h) be the second derivative of w(h). Give i(q).
4
Suppose -39 + 192 = 17*j. Let l be 27/(-6)*(-6)/j. Let x(o) = -9*o**2 + 6*o + 4. Let f(s) = 5*s**2 - 3*s - 2. Let r(d) = 5*f(d) + 3*x(d). What is r(l)?
-7
Let r(p) = 24*p**2 - 15*p - 1. Let n(u) = 11*u**2 - 7*u. Let y(t) = -13*n(t) + 6*r(t). Give y(6).
36
Let d(x) = -3*x - 5. Suppose -3*v = -17*b + 16*b + 5, -3*b = 2*v + 7. Give d(v).
1
Let o(q) = 435*q**3 + 429*q**3 + 4 - 9 - 850*q**3 + 6. Calculate o(1).
15
Let f(z) = z**2 + 4*z - 6. Let v = 700 - 678. Suppose v + 82 = -26*p. Calculate f(p).
-6
Let r(x) = -36*x + 5. Let q(j) = -34*j + 4. Let h be 5 - (4 + 0)*4/(-16). Let p(k) = h*q(k) - 5*r(k). Determine p(-1).
23
Let t(x) = x**2 + 99*x - 143*x + 98 - 2*x**2 + 103*x - 720. What is t(14)?
8
Let y(n) be the third derivative of n**6/120 - n**5/10 - n**4/8 + 3*n**3/2 + 2487*n**2. Calculate y(7).
37
Let v be 18/8*384/72. Let h(i) = -i**3 + i + 1. Let y(z) = 3*z**3 + 13*z**2 - 17*z + 11. Let p(c) = 4*h(c) + y(c). Determine p(v).
3
Suppose 0 = 15*t - 2*t. Suppose t = 5*z + 3*z - 24. Let o(a) be the second derivative of a**4/12 + a**3/3 - 2*a**2 + 8*a. Calculate o(z).
11
Let p = 43 - 54. Let y(g) be the first derivative of 0*g - 18 - 1/2*g*